{"id":73,"date":"2025-11-21T14:33:51","date_gmt":"2025-11-21T14:33:51","guid":{"rendered":"https:\/\/170.edukovac.xyz\/?page_id=73"},"modified":"2025-11-23T15:25:56","modified_gmt":"2025-11-23T15:25:56","slug":"ponuda-kafi","status":"publish","type":"page","link":"https:\/\/170.edukovac.xyz\/index.php\/ponuda-kafi\/","title":{"rendered":"Ponuda kafi"},"content":{"rendered":"\t\t<div data-elementor-type=\"wp-page\" data-elementor-id=\"73\" class=\"elementor elementor-73\" data-elementor-post-type=\"page\">\n\t\t\t\t<div class=\"elementor-element elementor-element-9c8a67b e-flex e-con-boxed e-con e-parent\" data-id=\"9c8a67b\" data-element_type=\"container\">\n\t\t\t\t\t<div class=\"e-con-inner\">\n\t\t\t\t<div class=\"elementor-element elementor-element-539e0a6 elementor-widget elementor-widget-spacer\" data-id=\"539e0a6\" data-element_type=\"widget\" data-widget_type=\"spacer.default\">\n\t\t\t\t\t\t\t<div class=\"elementor-spacer\">\n\t\t\t<div class=\"elementor-spacer-inner\"><\/div>\n\t\t<\/div>\n\t\t\t\t\t\t<\/div>\n\t\t\t\t\t<\/div>\n\t\t\t\t<\/div>\n\t\t<div class=\"elementor-element elementor-element-a97187e e-flex e-con-boxed e-con e-parent\" data-id=\"a97187e\" data-element_type=\"container\">\n\t\t\t\t\t<div class=\"e-con-inner\">\n\t\t\t\t<div class=\"elementor-element elementor-element-ea9a2f5 elementor-widget elementor-widget-heading\" data-id=\"ea9a2f5\" data-element_type=\"widget\" data-widget_type=\"heading.default\">\n\t\t\t\t\t<h2 class=\"elementor-heading-title elementor-size-default\">Ponuda kafi<\/h2>\t\t\t\t<\/div>\n\t\t\t\t\t<\/div>\n\t\t\t\t<\/div>\n\t\t<div class=\"elementor-element elementor-element-2f4a066 e-flex e-con-boxed e-con e-parent\" data-id=\"2f4a066\" data-element_type=\"container\">\n\t\t\t\t\t<div class=\"e-con-inner\">\n\t\t\t\t<div class=\"elementor-element elementor-element-1163dfd elementor-widget elementor-widget-text-editor\" data-id=\"1163dfd\" data-element_type=\"widget\" data-widget_type=\"text-editor.default\">\n\t\t\t\t\t\t\t\t\t<p data-start=\"307\" data-end=\"507\">Kod nas \u0107ete prona\u0107i sve va\u0161e omiljene klasi\u010dne kafe: <strong data-start=\"361\" data-end=\"373\">espresso<\/strong>, <strong data-start=\"375\" data-end=\"385\">doppio<\/strong>, <strong data-start=\"387\" data-end=\"401\">cappuccino<\/strong>, <strong data-start=\"403\" data-end=\"412\">latte<\/strong>, <strong data-start=\"414\" data-end=\"428\">flat white<\/strong> i <strong data-start=\"431\" data-end=\"444\">americano<\/strong>. Savr\u0161ene za svaki dan, svako raspolo\u017eenje i svaku brzu pauzu.<\/p><p data-start=\"509\" data-end=\"676\">Ali ono \u0161to nas posebno izdvaja jesu na\u0161e <em data-start=\"551\" data-end=\"562\">signature<\/em> kafe \u2013 jedinstvene kombinacije koje ne\u0107ete prona\u0107i nigde drugde, a koje su postale za\u0161titni znak kafeterije JAVA:<\/p><ul data-start=\"678\" data-end=\"1209\"><li data-start=\"678\" data-end=\"789\"><p data-start=\"680\" data-end=\"789\"><strong data-start=\"680\" data-end=\"702\">Java Caramel Cloud<\/strong> \u2013 lagana, penasta kombinacija espresa i karamele koja miri\u0161e na slatko zadovoljstvo.<\/p><\/li><li data-start=\"790\" data-end=\"892\"><p data-start=\"792\" data-end=\"892\"><strong data-start=\"792\" data-end=\"811\">Citrus Ice Brew<\/strong> \u2013 hladno filtrirana kafa sa blagom citrusnom notom, osve\u017eavaju\u0107a i aromati\u010dna.<\/p><\/li><li data-start=\"893\" data-end=\"994\"><p data-start=\"895\" data-end=\"994\"><strong data-start=\"895\" data-end=\"917\">Honey Almond Latte<\/strong> \u2013 kremasti latte sa prirodnom slatko\u0107om meda i blagim bademastim tonovima.<\/p><\/li><li data-start=\"995\" data-end=\"1096\"><p data-start=\"997\" data-end=\"1096\"><strong data-start=\"997\" data-end=\"1018\">Choco Spice Mocha<\/strong> \u2013 bogata moka sa suptilnom notom cimeta i kakaoa za one koji vole pun ukus.<\/p><\/li><li data-start=\"1097\" data-end=\"1209\"><p data-start=\"1099\" data-end=\"1209\"><strong data-start=\"1099\" data-end=\"1121\">Vanilla Java Dream<\/strong> \u2013 ne\u017ena vanila pomije\u0161ana sa na\u0161im specijalnim blendom, za savr\u0161eno uravnote\u017eenu aromu.<\/p><\/li><\/ul>\t\t\t\t\t\t\t\t<\/div>\n\t\t\t\t\t<\/div>\n\t\t\t\t<\/div>\n\t\t<div class=\"elementor-element elementor-element-6bb0ae0 e-flex e-con-boxed e-con e-parent\" data-id=\"6bb0ae0\" data-element_type=\"container\">\n\t\t\t\t\t<div class=\"e-con-inner\">\n\t\t\t\t<div class=\"elementor-element elementor-element-a6e994b elementor-widget elementor-widget-gallery\" data-id=\"a6e994b\" data-element_type=\"widget\" data-settings=\"{&quot;lazyload&quot;:&quot;yes&quot;,&quot;gallery_layout&quot;:&quot;grid&quot;,&quot;columns&quot;:4,&quot;columns_tablet&quot;:2,&quot;columns_mobile&quot;:1,&quot;gap&quot;:{&quot;unit&quot;:&quot;px&quot;,&quot;size&quot;:10,&quot;sizes&quot;:[]},&quot;gap_tablet&quot;:{&quot;unit&quot;:&quot;px&quot;,&quot;size&quot;:10,&quot;sizes&quot;:[]},&quot;gap_mobile&quot;:{&quot;unit&quot;:&quot;px&quot;,&quot;size&quot;:10,&quot;sizes&quot;:[]},&quot;link_to&quot;:&quot;file&quot;,&quot;aspect_ratio&quot;:&quot;3:2&quot;,&quot;overlay_background&quot;:&quot;yes&quot;,&quot;content_hover_animation&quot;:&quot;fade-in&quot;}\" data-widget_type=\"gallery.default\">\n\t\t\t\t<div class=\"elementor-widget-container\">\n\t\t\t\t\t\t\t<div class=\"elementor-gallery__container\">\n\t\t\t\t\t\t\t<a class=\"e-gallery-item elementor-gallery-item elementor-animated-content\" href=\"https:\/\/170.edukovac.xyz\/wp-content\/uploads\/2025\/11\/Java-Caramel-Cloud.jpg\" data-elementor-open-lightbox=\"yes\" data-elementor-lightbox-slideshow=\"a6e994b\" data-elementor-lightbox-title=\"Java Caramel Cloud\" data-e-action-hash=\"#elementor-action%3Aaction%3Dlightbox%26settings%3DeyJpZCI6MTgwLCJ1cmwiOiJodHRwczpcL1wvMTcwLmVkdWtvdmFjLnh5elwvd3AtY29udGVudFwvdXBsb2Fkc1wvMjAyNVwvMTFcL0phdmEtQ2FyYW1lbC1DbG91ZC5qcGciLCJzbGlkZXNob3ciOiJhNmU5OTRiIn0%3D\">\n\t\t\t\t\t<div class=\"e-gallery-image elementor-gallery-item__image\" data-thumbnail=\"https:\/\/170.edukovac.xyz\/wp-content\/uploads\/2025\/11\/Java-Caramel-Cloud.jpg\" data-width=\"300\" data-height=\"168\" aria-label=\"\" role=\"img\" ><\/div>\n\t\t\t\t\t\t\t\t\t\t\t<div class=\"elementor-gallery-item__overlay\"><\/div>\n\t\t\t\t\t\t\t\t\t\t\t\t\t\t<\/a>\n\t\t\t\t\t\t\t<a class=\"e-gallery-item elementor-gallery-item elementor-animated-content\" href=\"https:\/\/170.edukovac.xyz\/wp-content\/uploads\/2025\/11\/Citrus-Ice-Brew.jpg\" data-elementor-open-lightbox=\"yes\" data-elementor-lightbox-slideshow=\"a6e994b\" data-elementor-lightbox-title=\"Citrus Ice Brew\" data-e-action-hash=\"#elementor-action%3Aaction%3Dlightbox%26settings%3DeyJpZCI6MTc4LCJ1cmwiOiJodHRwczpcL1wvMTcwLmVkdWtvdmFjLnh5elwvd3AtY29udGVudFwvdXBsb2Fkc1wvMjAyNVwvMTFcL0NpdHJ1cy1JY2UtQnJldy5qcGciLCJzbGlkZXNob3ciOiJhNmU5OTRiIn0%3D\">\n\t\t\t\t\t<div class=\"e-gallery-image elementor-gallery-item__image\" data-thumbnail=\"https:\/\/170.edukovac.xyz\/wp-content\/uploads\/2025\/11\/Citrus-Ice-Brew.jpg\" data-width=\"299\" data-height=\"168\" aria-label=\"\" role=\"img\" ><\/div>\n\t\t\t\t\t\t\t\t\t\t\t<div class=\"elementor-gallery-item__overlay\"><\/div>\n\t\t\t\t\t\t\t\t\t\t\t\t\t\t<\/a>\n\t\t\t\t\t\t\t<a class=\"e-gallery-item elementor-gallery-item elementor-animated-content\" href=\"https:\/\/170.edukovac.xyz\/wp-content\/uploads\/2025\/11\/Honey-Almond-Latte.jpg\" data-elementor-open-lightbox=\"yes\" data-elementor-lightbox-slideshow=\"a6e994b\" data-elementor-lightbox-title=\"Honey Almond Latte\" data-e-action-hash=\"#elementor-action%3Aaction%3Dlightbox%26settings%3DeyJpZCI6MTc5LCJ1cmwiOiJodHRwczpcL1wvMTcwLmVkdWtvdmFjLnh5elwvd3AtY29udGVudFwvdXBsb2Fkc1wvMjAyNVwvMTFcL0hvbmV5LUFsbW9uZC1MYXR0ZS5qcGciLCJzbGlkZXNob3ciOiJhNmU5OTRiIn0%3D\">\n\t\t\t\t\t<div class=\"e-gallery-image elementor-gallery-item__image\" data-thumbnail=\"https:\/\/170.edukovac.xyz\/wp-content\/uploads\/2025\/11\/Honey-Almond-Latte.jpg\" data-width=\"300\" data-height=\"168\" aria-label=\"\" role=\"img\" ><\/div>\n\t\t\t\t\t\t\t\t\t\t\t<div class=\"elementor-gallery-item__overlay\"><\/div>\n\t\t\t\t\t\t\t\t\t\t\t\t\t\t<\/a>\n\t\t\t\t\t\t\t<a class=\"e-gallery-item elementor-gallery-item elementor-animated-content\" href=\"https:\/\/170.edukovac.xyz\/wp-content\/uploads\/2025\/11\/Choco-Spice-Mocha.jpg\" data-elementor-open-lightbox=\"yes\" data-elementor-lightbox-slideshow=\"a6e994b\" data-elementor-lightbox-title=\"Choco Spice Mocha\" data-e-action-hash=\"#elementor-action%3Aaction%3Dlightbox%26settings%3DeyJpZCI6MTc3LCJ1cmwiOiJodHRwczpcL1wvMTcwLmVkdWtvdmFjLnh5elwvd3AtY29udGVudFwvdXBsb2Fkc1wvMjAyNVwvMTFcL0Nob2NvLVNwaWNlLU1vY2hhLmpwZyIsInNsaWRlc2hvdyI6ImE2ZTk5NGIifQ%3D%3D\">\n\t\t\t\t\t<div class=\"e-gallery-image elementor-gallery-item__image\" data-thumbnail=\"https:\/\/170.edukovac.xyz\/wp-content\/uploads\/2025\/11\/Choco-Spice-Mocha.jpg\" data-width=\"300\" data-height=\"168\" aria-label=\"\" role=\"img\" ><\/div>\n\t\t\t\t\t\t\t\t\t\t\t<div class=\"elementor-gallery-item__overlay\"><\/div>\n\t\t\t\t\t\t\t\t\t\t\t\t\t\t<\/a>\n\t\t\t\t\t\t\t<a class=\"e-gallery-item elementor-gallery-item elementor-animated-content\" href=\"https:\/\/170.edukovac.xyz\/wp-content\/uploads\/2025\/11\/Vanilla-Java-Dream.jpeg\" data-elementor-open-lightbox=\"yes\" data-elementor-lightbox-slideshow=\"a6e994b\" data-elementor-lightbox-title=\"Vanilla Java Dream\" data-e-action-hash=\"#elementor-action%3Aaction%3Dlightbox%26settings%3DeyJpZCI6MTgxLCJ1cmwiOiJodHRwczpcL1wvMTcwLmVkdWtvdmFjLnh5elwvd3AtY29udGVudFwvdXBsb2Fkc1wvMjAyNVwvMTFcL1ZhbmlsbGEtSmF2YS1EcmVhbS5qcGVnIiwic2xpZGVzaG93IjoiYTZlOTk0YiJ9\">\n\t\t\t\t\t<div class=\"e-gallery-image elementor-gallery-item__image\" data-thumbnail=\"https:\/\/170.edukovac.xyz\/wp-content\/uploads\/2025\/11\/Vanilla-Java-Dream-300x169.jpeg\" data-width=\"300\" data-height=\"169\" aria-label=\"\" role=\"img\" ><\/div>\n\t\t\t\t\t\t\t\t\t\t\t<div class=\"elementor-gallery-item__overlay\"><\/div>\n\t\t\t\t\t\t\t\t\t\t\t\t\t\t<\/a>\n\t\t\t\t\t<\/div>\n\t\t\t\t\t<\/div>\n\t\t\t\t<\/div>\n\t\t\t\t\t<\/div>\n\t\t\t\t<\/div>\n\t\t\t\t<\/div>\n\t\t","protected":false},"excerpt":{"rendered":"<p>Ponuda kafi Kod nas \u0107ete prona\u0107i sve va\u0161e omiljene klasi\u010dne kafe: espresso, doppio, cappuccino, latte, flat white i americano. Savr\u0161ene za svaki dan, svako raspolo\u017eenje i svaku brzu pauzu. Ali ono \u0161to nas posebno izdvaja jesu na\u0161e signature kafe \u2013 jedinstvene kombinacije koje ne\u0107ete prona\u0107i nigde drugde, a koje su postale za\u0161titni znak kafeterije JAVA: [&hellip;]<\/p>\n","protected":false},"author":1,"featured_media":0,"parent":0,"menu_order":0,"comment_status":"closed","ping_status":"closed","template":"","meta":{"footnotes":""},"class_list":["post-73","page","type-page","status-publish","hentry"],"yoast_head":"<!-- This site is optimized with the Yoast SEO plugin v26.6 - https:\/\/yoast.com\/wordpress\/plugins\/seo\/ -->\n<title>Ponuda kafi - Kafeterija JAVA<\/title>\n<meta name=\"robots\" content=\"index, follow, max-snippet:-1, max-image-preview:large, max-video-preview:-1\" \/>\n<link rel=\"canonical\" href=\"https:\/\/170.edukovac.xyz\/index.php\/ponuda-kafi\/\" \/>\n<meta property=\"og:locale\" content=\"en_US\" \/>\n<meta property=\"og:type\" content=\"article\" \/>\n<meta property=\"og:title\" content=\"Ponuda kafi - Kafeterija JAVA\" \/>\n<meta property=\"og:description\" content=\"Ponuda kafi Kod nas \u0107ete prona\u0107i sve va\u0161e omiljene klasi\u010dne kafe: espresso, doppio, cappuccino, latte, flat white i americano. Savr\u0161ene za svaki dan, svako raspolo\u017eenje i svaku brzu pauzu. Ali ono \u0161to nas posebno izdvaja jesu na\u0161e signature kafe \u2013 jedinstvene kombinacije koje ne\u0107ete prona\u0107i nigde drugde, a koje su postale za\u0161titni znak kafeterije JAVA: [&hellip;]\" \/>\n<meta property=\"og:url\" content=\"https:\/\/170.edukovac.xyz\/index.php\/ponuda-kafi\/\" \/>\n<meta property=\"og:site_name\" content=\"Kafeterija JAVA\" \/>\n<meta property=\"article:modified_time\" content=\"2025-11-23T15:25:56+00:00\" \/>\n<meta name=\"twitter:card\" content=\"summary_large_image\" \/>\n<meta name=\"twitter:label1\" content=\"Est. reading time\" \/>\n\t<meta name=\"twitter:data1\" content=\"1 minute\" \/>\n<script type=\"application\/ld+json\" class=\"yoast-schema-graph\">{\"@context\":\"https:\/\/schema.org\",\"@graph\":[{\"@type\":\"WebPage\",\"@id\":\"https:\/\/170.edukovac.xyz\/index.php\/ponuda-kafi\/\",\"url\":\"https:\/\/170.edukovac.xyz\/index.php\/ponuda-kafi\/\",\"name\":\"Ponuda kafi - Kafeterija JAVA\",\"isPartOf\":{\"@id\":\"https:\/\/170.edukovac.xyz\/#website\"},\"datePublished\":\"2025-11-21T14:33:51+00:00\",\"dateModified\":\"2025-11-23T15:25:56+00:00\",\"breadcrumb\":{\"@id\":\"https:\/\/170.edukovac.xyz\/index.php\/ponuda-kafi\/#breadcrumb\"},\"inLanguage\":\"en-US\",\"potentialAction\":[{\"@type\":\"ReadAction\",\"target\":[\"https:\/\/170.edukovac.xyz\/index.php\/ponuda-kafi\/\"]}]},{\"@type\":\"BreadcrumbList\",\"@id\":\"https:\/\/170.edukovac.xyz\/index.php\/ponuda-kafi\/#breadcrumb\",\"itemListElement\":[{\"@type\":\"ListItem\",\"position\":1,\"name\":\"Home\",\"item\":\"https:\/\/170.edukovac.xyz\/\"},{\"@type\":\"ListItem\",\"position\":2,\"name\":\"Ponuda kafi\"}]},{\"@type\":\"WebSite\",\"@id\":\"https:\/\/170.edukovac.xyz\/#website\",\"url\":\"https:\/\/170.edukovac.xyz\/\",\"name\":\"Kafeterija JAVA\",\"description\":\"\",\"potentialAction\":[{\"@type\":\"SearchAction\",\"target\":{\"@type\":\"EntryPoint\",\"urlTemplate\":\"https:\/\/170.edukovac.xyz\/?s={search_term_string}\"},\"query-input\":{\"@type\":\"PropertyValueSpecification\",\"valueRequired\":true,\"valueName\":\"search_term_string\"}}],\"inLanguage\":\"en-US\"}]}<\/script>\n<!-- \/ Yoast SEO plugin. -->","yoast_head_json":{"title":"Ponuda kafi - Kafeterija JAVA","robots":{"index":"index","follow":"follow","max-snippet":"max-snippet:-1","max-image-preview":"max-image-preview:large","max-video-preview":"max-video-preview:-1"},"canonical":"https:\/\/170.edukovac.xyz\/index.php\/ponuda-kafi\/","og_locale":"en_US","og_type":"article","og_title":"Ponuda kafi - Kafeterija JAVA","og_description":"Ponuda kafi Kod nas \u0107ete prona\u0107i sve va\u0161e omiljene klasi\u010dne kafe: espresso, doppio, cappuccino, latte, flat white i americano. Savr\u0161ene za svaki dan, svako raspolo\u017eenje i svaku brzu pauzu. Ali ono \u0161to nas posebno izdvaja jesu na\u0161e signature kafe \u2013 jedinstvene kombinacije koje ne\u0107ete prona\u0107i nigde drugde, a koje su postale za\u0161titni znak kafeterije JAVA: [&hellip;]","og_url":"https:\/\/170.edukovac.xyz\/index.php\/ponuda-kafi\/","og_site_name":"Kafeterija JAVA","article_modified_time":"2025-11-23T15:25:56+00:00","twitter_card":"summary_large_image","twitter_misc":{"Est. reading time":"1 minute"},"schema":{"@context":"https:\/\/schema.org","@graph":[{"@type":"WebPage","@id":"https:\/\/170.edukovac.xyz\/index.php\/ponuda-kafi\/","url":"https:\/\/170.edukovac.xyz\/index.php\/ponuda-kafi\/","name":"Ponuda kafi - Kafeterija JAVA","isPartOf":{"@id":"https:\/\/170.edukovac.xyz\/#website"},"datePublished":"2025-11-21T14:33:51+00:00","dateModified":"2025-11-23T15:25:56+00:00","breadcrumb":{"@id":"https:\/\/170.edukovac.xyz\/index.php\/ponuda-kafi\/#breadcrumb"},"inLanguage":"en-US","potentialAction":[{"@type":"ReadAction","target":["https:\/\/170.edukovac.xyz\/index.php\/ponuda-kafi\/"]}]},{"@type":"BreadcrumbList","@id":"https:\/\/170.edukovac.xyz\/index.php\/ponuda-kafi\/#breadcrumb","itemListElement":[{"@type":"ListItem","position":1,"name":"Home","item":"https:\/\/170.edukovac.xyz\/"},{"@type":"ListItem","position":2,"name":"Ponuda kafi"}]},{"@type":"WebSite","@id":"https:\/\/170.edukovac.xyz\/#website","url":"https:\/\/170.edukovac.xyz\/","name":"Kafeterija JAVA","description":"","potentialAction":[{"@type":"SearchAction","target":{"@type":"EntryPoint","urlTemplate":"https:\/\/170.edukovac.xyz\/?s={search_term_string}"},"query-input":{"@type":"PropertyValueSpecification","valueRequired":true,"valueName":"search_term_string"}}],"inLanguage":"en-US"}]}},"_links":{"self":[{"href":"https:\/\/170.edukovac.xyz\/index.php\/wp-json\/wp\/v2\/pages\/73","targetHints":{"allow":["GET"]}}],"collection":[{"href":"https:\/\/170.edukovac.xyz\/index.php\/wp-json\/wp\/v2\/pages"}],"about":[{"href":"https:\/\/170.edukovac.xyz\/index.php\/wp-json\/wp\/v2\/types\/page"}],"author":[{"embeddable":true,"href":"https:\/\/170.edukovac.xyz\/index.php\/wp-json\/wp\/v2\/users\/1"}],"replies":[{"embeddable":true,"href":"https:\/\/170.edukovac.xyz\/index.php\/wp-json\/wp\/v2\/comments?post=73"}],"version-history":[{"count":25,"href":"https:\/\/170.edukovac.xyz\/index.php\/wp-json\/wp\/v2\/pages\/73\/revisions"}],"predecessor-version":[{"id":207,"href":"https:\/\/170.edukovac.xyz\/index.php\/wp-json\/wp\/v2\/pages\/73\/revisions\/207"}],"wp:attachment":[{"href":"https:\/\/170.edukovac.xyz\/index.php\/wp-json\/wp\/v2\/media?parent=73"}],"curies":[{"name":"wp","href":"https:\/\/api.w.org\/{rel}","templated":true}]}}